Suppose s + 2*s = -4*c - 2, w*s = -6. Let j = c + 10. List the prime factors of j.
11
Suppose j + 4*u - 43 = 0, j + 3*u + 64 = 3*j. List the prime factors of j.
5, 7
Let p(o) be the third derivative of -7*o**4/24 - o**3/3 + 2*o**2. Let x(b) = -b - 2. Let r be x(0). List the prime factors of p(r).
2, 3
Suppose 0 + 4 = 4*i. Let a be 1 - -1 - i/(-1). Suppose -5*y - 4*h + 25 - 2 = 0, 5*y - a*h - 9 = 0. List the prime factors of y.
3
Let o = -214 - -474. List the prime factors of o.
2, 5, 13
Let k = 8 - 4. Suppose 3*a - 5*s - 24 = 8, a + 2*s + k = 0. List the prime factors of a.
2
Let o be (75 - 1)*(-4)/(-2). Suppose o = -w + 5*w. What are the prime factors of w?
37
Let h = -20 + 79. List the prime factors of h.
59
Let s(k) = 13*k - 2*k**2 - 16*k - 4 + 3*k**2 + 10*k. List the prime factors of s(-8).
2
Suppose -i + 52 + 48 = 2*r, i - 48 = -r. List the prime factors of r.
2, 13
Let p be (-1)/((-12)/(-183))*-4. Let j be p/9 + 2/9. Suppose -5*u + 22 = -5*x + j, 5*u = -x + 27. List the prime factors of x.
2
Let g(f) be the first derivative of -f**3/3 + 7*f**2/2 - 6*f + 1. What are the prime factors of g(5)?
2
Let p = -2 - -5. Suppose 4*j - 136 = -5*i, p*j = 2*i - 2*j - 28. What are the prime factors of i?
2, 3
List the prime factors of 141 + 64/28 + 6/(-21).
11, 13
Let v(d) = d**3 + 6*d**2 - 2*d - 7. Suppose -2*t - 11 = 1. List the prime factors of v(t).
5
What are the prime factors of (-7)/((-70)/645) - 1/2?
2
Suppose -3*s + 630 = -3*y, 5*y + 4*s + 1030 = 5*s. Let c be y/(-20) + 1/(-4). Let i = 15 - c. List the prime factors of i.
5
Suppose -5*r + 3 = -2*g - 4, r + 1 = 0. Let h = -16 - g. List the prime factors of h/((-3)/(27/6)).
3, 5
Let m(o) = -o**3. Let z be m(1). Let c be (3 + 3)/(z + 2). Suppose c = 4*q - 10. List the prime factors of q.
2
Let i(d) = d**3 + 2*d**2 - 3*d - 3. Let t be i(-2). Suppose 2*a - 2 = 6. Suppose -t*u + a*j + 28 = 0, -5*j + 2*j = 3*u. List the prime factors of u.
2
Let x(j) = -2*j + 4 - 7 + 2 - 8. List the prime factors of x(-6).
3
Suppose -16 = -3*m + 32. What are the prime factors of (-8)/m - 194/(-4)?
2, 3
What are the prime factors of (-76)/(8/20 - (-14)/(-10))?
2, 19
Let o(f) = f**2 + 2*f - 7. List the prime factors of o(8).
73
Let c(d) = 8*d**2. Let n be c(-1). Suppose 5*x = t + 1, 4*x - n = -2*t + 32. What are the prime factors of t?
2, 7
Let v = 0 + 10. Let y = 57 + -34. Let j = y - v. What are the prime factors of j?
13
Let o(x) be the first derivative of x - 1/3*x**3 - 4*x**2 + 1. What are the prime factors of o(-7)?
2
Let r be 0 + -2 + 3 + -50. Let x = r + 85. What are the prime factors of x?
2, 3
Suppose -3*o + 54 = -o. Suppose 5*r = 2*r + o. What are the prime factors of r?
3
Suppose -4*g - 5*z = -192, 2*z + 164 = -0*g + 4*g. What are the prime factors of g?
43
Suppose 0 = 3*d - 12 - 12. Let k = 30 - d. List the prime factors of k.
2, 11
Let q(c) = c**2 + 5*c - 6. What are the prime factors of q(-8)?
2, 3
Suppose -2*v = -2*g - v + 495, 5*g - 1235 = 3*v. What are the prime factors of g?
2, 5
Suppose 0 = -2*d + d. Suppose -n + 2 = -x + 2*n, 4*x + 4*n - 24 = d. List the prime factors of x.
2
Suppose 3*o - 3*w = 0, -2*o - 4*w + 21 = o. Suppose 3*z = -0*z + o. List the prime factors of (-16)/(-2) + z + -1.
2
Let u(h) = -h**3 + 10*h**2 + 13*h + 6. Let k be u(11). List the prime factors of (2/(-4))/((-2)/k).
7
Let k be (-1 + 2)/((-2)/(-58)). Suppose s + 32 = 3*s. Suppose k + s = 3*p. What are the prime factors of p?
3, 5
Let o = -2 - 23. List the prime factors of (-295)/o - 1/(-5).
2, 3
Suppose 4*s + 8 = 0, j = 4*s - 2*s - 2. Let k be (-3)/6 - 81/j. Suppose 39 = 3*p + 5*i, p - 2*p = -2*i - k. List the prime factors of p.
13
What are the prime factors of (-2)/((3120/(-316))/(-5) - 2)?
79
Suppose -3*b + 4*u + 82 = 5, 0 = -4*b - 3*u + 61. List the prime factors of b.
19
Suppose 0 = -4*w + 2*f + 5 + 5, -7 = -w + 5*f. Let k be (-1)/(w + (-27)/13). Suppose -3*r + k = -5. What are the prime factors of r?
2, 3
Let m be ((-5)/(-20))/((-1)/(-4)). Suppose -m - 3 = -2*p. What are the prime factors of p?
2
Let l(h) = -70*h - 1. Let s be l(-1). Let o = s - 28. What are the prime factors of o?
41
Suppose 0 = -4*s - 38 + 178. List the prime factors of s.
5, 7
Let h be 6/(-10) - (-14)/(-35). Let j(f) = -f**3 + 2*f**2 + f. List the prime factors of j(h).
2
What are the prime factors of 52 - (2 + 0/(-4))?
2, 5
Suppose -2*q + 14 = 2*n - 0*n, 2*q = -4*n + 18. Let i(d) = d. Let c be i(8). Suppose -3 = -n*b + 3*r, -3*b - 3*r + 4 = -c*r. What are the prime factors of b?
3
Suppose -4*b = b + 15. Let c be (-28)/b + 1/(-3). Let d = 17 - c. List the prime factors of d.
2
Let p(f) = 3*f - 3. Let u be p(-7). Let l = u + 41. What are the prime factors of l?
17
Let q(r) = r**2 + r + 2. Let j be q(0). Suppose -5*u = -8 - j. What are the prime factors of u?
2
Suppose 0*v + 15 = 3*v. Let g(k) = 2*k**2 + 4*k - 5. Let p(n) = -5*n**2 - 12*n + 14. Let a(x) = 8*g(x) + 3*p(x). What are the prime factors of a(v)?
7
Suppose 3*h - 35 - 11 = -u, 0 = 4*u - 16. Suppose -d + h = -6. What are the prime factors of d?
2, 5
Let t(x) = x**2 + 16*x + 28. List the prime factors of t(-24).
2, 5, 11
Let v(q) = q - 9. Let i be v(-11). Let n = i + 33. List the prime factors of n.
13
Suppose 0 = f - 0*n + n - 10, -5*f + 74 = -n. Let l = f - 12. What are the prime factors of l?
2
Suppose -109 - 98 = -3*j. What are the prime factors of j?
3, 23
Let n = -9 - -17. Let g = 28 + n. List the prime factors of g.
2, 3
Let g(w) = w**2 + 3*w - 24. What are the prime factors of g(6)?
2, 3, 5
Suppose -f + y = -10, 3*f + 27 = -y + 69. Let z = 31 - f. What are the prime factors of z?
2, 3
Suppose 8 = -x - 4*m, 2*x + 4*m = -m - 28. Let f = -17 - x. List the prime factors of f.
7
Let h(f) = f**2 + f - 1. Let y be h(2). Let a be -1 - (-17 - 1 - 0). Let r = a + y. What are the prime factors of r?
2, 11
Suppose 0*n + 246 = 3*n. Let r = n - 26. Suppose -7*m + 2*m - 20 = 0, -2*m = -4*c + r. What are the prime factors of c?
2, 3
Let s = 3 - -1. Let m be (-199)/(-4) - (-2)/8. Suppose s*q = -q + m. What are the prime factors of q?
2, 5
Let q be 2*8/(-2)*-2. Suppose 24 = 4*a + 2*p, a - 3*a + q = 3*p. Suppose -a*o = u - 3*u - 16, 5*o = -u + 7. List the prime factors of o.
2
Suppose 2*k + 2*k - 264 = 0. Let o = -32 + k. List the prime factors of o.
2, 17
Let q(b) = -b**3 + 13*b**2 - 11*b - 10. Let u be q(12). What are the prime factors of u/(-3) + 110/3?
2, 3
Suppose -2*d = 2*x - 2, 4*d - 5*x = -x + 12. Suppose -1 = -s - d*y, -3*s + 2*y = -1 + 22. Let t = 16 + s. List the prime factors of t.
11
Let k = -9 + 24. Suppose k = -y + 2*y. What are the prime factors of y?
3, 5
Suppose -3*l = -0*l - 72. Suppose -4*z + 76 = -l. What are the prime factors of z?
5
Let r be 0 + 1 - (-2 + 30). Let y = r + 53. Let z = y - 11. What are the prime factors of z?
3, 5
Let v(n) = 5*n**2 + 2 - 7*n + 3*n**3 + 6 + n**3 - 3*n**3. List the prime factors of v(-6).
2, 7
Let k = 217 + -121. What are the prime factors of k?
2, 3
Let i = -122 - -182. List the prime factors of i.
2, 3, 5
Let l(r) = -r**3 + 2*r**2 - r + 1. Let x be l(-2). Let g = x + -11. List the prime factors of g.
2
Let c(t) = 5 + 1 - 6 + t**2 - t. What are the prime factors of c(2)?
2
Let p be (-4 + 4)/((-2)/2). Let z = 17 + p. What are the prime factors of z?
17
Let f = 17 - 9. Suppose f = d - 6. What are the prime factors of d?
2, 7
Let j be 39/(-4) - (-1)/(-4). Let f = -22 - -18. Let g = f - j. List the prime factors of g.
2, 3
Let c = -3 - 24. What are the prime factors of (c/6)/(-9)*68?
2, 17
Let i(g) be the second derivative of g**3/3 - 7*g**2/2 - 2*g. Let d(k) = 2*k - 8. Let p(a) = 5*d(a) - 6*i(a). What are the prime factors of p(-5)?
2, 3
Let c(h) = -12 + 2*h + 4 + 3*h. Let t(p) = -6*p + 9. Let n(o) = 4*c(o) + 3*t(o). What are the prime factors of n(4)?
3
Suppose 7*a - 5*a + 16 = 0. Let k(y) = -y + 7. List the prime factors of k(a).
3, 5
Let w = 587 + -416. List the prime factors of w.
3, 19
Let m(f) be the second derivative of f**4/12 - f**3/3 - 4*f. Let i(w) = -w**2 - 5*w - 1. Let j be i(-4). What are the prime factors of m(j)?
3
Suppose v = -b + 95, 0 = -4*v - 0*v - b + 377. What are the prime factors of v?
2, 47
Let g(q) = -9*q + 6. What are the prime factors of g(-4)?
2, 3, 7
Let k(x) = -x - 3. Let o be k(-2). Let q(b) = -37*b - 1. Let s be q(o). 